{"id":100,"date":"2024-02-04T22:26:54","date_gmt":"2024-02-04T20:26:54","guid":{"rendered":"http:\/\/localhost\/SaachHuerens\/?page_id=100"},"modified":"2026-03-11T22:17:51","modified_gmt":"2026-03-11T20:17:51","slug":"startseite","status":"publish","type":"page","link":"http:\/\/www.saachhuerens.de\/","title":{"rendered":"Startseite"},"content":{"rendered":"\n<div class=\"wp-block-group\"><div class=\"wp-block-group__inner-container is-layout-flow wp-block-group-is-layout-flow\">\n<p><!-- Start Laufschrift - Generiert mit www.design-generator.de.tl --><\/p>\n<p><!-- Ende Laufschrift --><\/p>\n<h2 style=\"text-align: center;\"><span style=\"color: #000000; font-style: italic;\">Herzlich willkommen bei &#8222;Saach, h\u00fcr ens&#8220; Lohmar e.V.<\/span><span style=\"font-size: 10pt; font-family: arial, helvetica, sans-serif;\"> \u00a0<\/span><\/h2>\n<h1 style=\"text-align: center;\"><strong>\u201eSaach h\u00fcr ens\u201c informiert<\/strong><\/h1>\n<p><strong>\u201eSaach h\u00fcr ens\u201c &#8211; Mundartkonzert mit \u201eEngk vum Daach\u201c<\/strong><\/p>\n<p>Dass Lohmars Brauchtumsverein \u201eSaach h\u00fcr ens\u201c nicht nur Karneval sondern vor allem auch Mundart kann, hat der Verein von\u00a0 Anbeginn seiner Arbeit immer wieder durch entsprechende Veranstaltungen bewiesen.<\/p>\n<p>Ob Loss m&#8217;r schade \u00d4vende, Mundart- Stadtf\u00fchrungen, Mitsingabende oder Mundartseminare zur Erlangung des \u201e Loss m&#8217;r schwade Diploms\u201c &#8211; immer wieder konnte \u201eSaach h\u00fcr ens\u201c unter Beweis stellen, dass er gem\u00e4\u00df den Statuten seiner Satzung daf\u00fcr sorgt, unsere rheinische Mundart zu f\u00f6rdern und somit am Leben zu halten.<\/p>\n<p>Ein besonderes Highlight auf diesem Weg stellte das Mundartkonzert dar, dass der Verein am Samstag den 7. M\u00e4rz im vollen Saal des Dilettantenvereins Neuhonrath seinen G\u00e4sten bot.<\/p>\n<p>Die K\u00f6lner Band \u201eEngk vum Daach\u201c mit ihrem Lohmarer bzw. Wahlscheider Frontmann Frank Berndt bot den total begeisterten Zuh\u00f6rer*innen ein H\u00f6rerlebnis mit fantastischer Musik, ausgezeichnetem Klang, eingehenden Texten, die \u2013 obwohl unbekannt &#8211;\u00a0 jeder verstehen und teilweise beim Refrain sogar mitsingen konnte.<img loading=\"lazy\" decoding=\"async\" class=\"alignnone size-full wp-image-4379\" src=\"http:\/\/www.saachhuerens.de\/wp-content\/uploads\/2026\/03\/20260307_181348-scaled.jpg\" alt=\"\" width=\"2560\" height=\"1920\" srcset=\"http:\/\/www.saachhuerens.de\/wp-content\/uploads\/2026\/03\/20260307_181348-scaled.jpg 2560w, http:\/\/www.saachhuerens.de\/wp-content\/uploads\/2026\/03\/20260307_181348-300x225.jpg 300w, http:\/\/www.saachhuerens.de\/wp-content\/uploads\/2026\/03\/20260307_181348-1024x768.jpg 1024w, http:\/\/www.saachhuerens.de\/wp-content\/uploads\/2026\/03\/20260307_181348-768x576.jpg 768w, http:\/\/www.saachhuerens.de\/wp-content\/uploads\/2026\/03\/20260307_181348-400x300.jpg 400w, http:\/\/www.saachhuerens.de\/wp-content\/uploads\/2026\/03\/20260307_181348-1536x1152.jpg 1536w, http:\/\/www.saachhuerens.de\/wp-content\/uploads\/2026\/03\/20260307_181348-2048x1536.jpg 2048w\" sizes=\"auto, (max-width: 2560px) 100vw, 2560px\" \/><\/p>\n<p>Das waren Lieder mit \u201eH\u00e4tz, Jef\u00f6hl un Wetz\u201c- hervorragend moderiert von Fank Berndt, der immer wieder auch die Arbeit und das Engagement f\u00fcr die Mundart von \u201eSaach h\u00fcr ens\u201c ins Spiel brachte.<\/p>\n<p>Und genau das kam auch bei Pausengespr\u00e4chen und nach dem Konzert mit den Besucher*innen zur Sprache. Man sieht unseren Verein eben als Mundartverein.<\/p>\n<p>Das Konzert war im Untertitel angek\u00fcndigt als \u201eK\u00f6lsche Kamelle un englische Drops\u201c.<\/p>\n<p>Und dazu trugen mit Gina Berndt (Gesang und Piano) sowie Jona Giesen am Saxophon zwei weitere hervorragende Musiker auf der B\u00fchne bei, die sowohl englische Lieder aber dann auch zur \u00dcberraschung aller im Saal zwei k\u00f6lsche Songs besteuerten. Dabei war das Zusammenspiel von Gesang, Piano und Saxophon ein ganz besonderes Klangerlebnis, wie man es nicht oft erleben kann.<img loading=\"lazy\" decoding=\"async\" class=\"alignnone size-full wp-image-4380\" src=\"http:\/\/www.saachhuerens.de\/wp-content\/uploads\/2026\/03\/20260307_212913-scaled.jpg\" alt=\"\" width=\"2560\" height=\"1920\" srcset=\"http:\/\/www.saachhuerens.de\/wp-content\/uploads\/2026\/03\/20260307_212913-scaled.jpg 2560w, http:\/\/www.saachhuerens.de\/wp-content\/uploads\/2026\/03\/20260307_212913-300x225.jpg 300w, http:\/\/www.saachhuerens.de\/wp-content\/uploads\/2026\/03\/20260307_212913-1024x768.jpg 1024w, http:\/\/www.saachhuerens.de\/wp-content\/uploads\/2026\/03\/20260307_212913-768x576.jpg 768w, http:\/\/www.saachhuerens.de\/wp-content\/uploads\/2026\/03\/20260307_212913-400x300.jpg 400w, http:\/\/www.saachhuerens.de\/wp-content\/uploads\/2026\/03\/20260307_212913-1536x1152.jpg 1536w, http:\/\/www.saachhuerens.de\/wp-content\/uploads\/2026\/03\/20260307_212913-2048x1536.jpg 2048w\" sizes=\"auto, (max-width: 2560px) 100vw, 2560px\" \/><\/p>\n<p>Erfreulich f\u00fcr \u201eSaach h\u00fcr ens\u201c als Veranstalter war die gro\u00dfe Zahl von jungen Besucher*innen an diesem Abend, der abgerundet wurde durch einen lustigen Mundartvortrag von Hans Heinz Eimermacher, dem bekannten Lohmarer Mundart-Autoren.<\/p>\n<p>So fand das Thema Mundart \u00fcber den gesamten Abend hinweg Geh\u00f6r bei den G\u00e4sten im Saal, von denen sich viele bedankten und mit den Worten \u201eSu sch\u00f6n kann Mungkart sinn\u201c den Heimweg antraten.<img loading=\"lazy\" decoding=\"async\" class=\"alignnone size-full wp-image-4378\" src=\"http:\/\/www.saachhuerens.de\/wp-content\/uploads\/2026\/03\/20260307_193300-scaled.jpg\" alt=\"\" width=\"2560\" height=\"1920\" srcset=\"http:\/\/www.saachhuerens.de\/wp-content\/uploads\/2026\/03\/20260307_193300-scaled.jpg 2560w, http:\/\/www.saachhuerens.de\/wp-content\/uploads\/2026\/03\/20260307_193300-300x225.jpg 300w, http:\/\/www.saachhuerens.de\/wp-content\/uploads\/2026\/03\/20260307_193300-1024x768.jpg 1024w, http:\/\/www.saachhuerens.de\/wp-content\/uploads\/2026\/03\/20260307_193300-768x576.jpg 768w, http:\/\/www.saachhuerens.de\/wp-content\/uploads\/2026\/03\/20260307_193300-400x300.jpg 400w, http:\/\/www.saachhuerens.de\/wp-content\/uploads\/2026\/03\/20260307_193300-1536x1152.jpg 1536w, http:\/\/www.saachhuerens.de\/wp-content\/uploads\/2026\/03\/20260307_193300-2048x1536.jpg 2048w\" sizes=\"auto, (max-width: 2560px) 100vw, 2560px\" \/><\/p>\n<p>Sollte diese Veranstaltung ihr Interesse an der Arbeit in unserem Verein geweckt haben, kontaktieren Sie uns gerne unter der unten angegebenen Email-Adresse.<\/p>\n<p>\u00a0<\/p>\n<p>Ihr\/euer<\/p>\n<p>\u201eSaach h\u00fcr ens\u201c Lohmar e.V.<\/p>\n<p>\u00a0<\/p>\n<p>\u00a0<\/p>\n<p>Kontakt:<\/p>\n<p>www. saachhuerens.de<\/p>\n<p>&#x69;&#x6e;&#x66;&#x6f;&#x40;&#115;&#97;&#97;&#99;hhu&#x65;&#x72;&#x65;&#x6e;&#x73;&#x2e;&#100;&#101;<\/p>\n<p>\u00a0<\/p>\n<h2 style=\"text-align: center;\"><a href=\"http:\/\/www.saachhuerens.de\/wp-content\/uploads\/2022\/01\/Beitrittserkl\u00e4rung-2022-1.pdf\"><span style=\"padding: 5px 30px; border-radius: 4px; border: 1px solid #001563; color: white; font-size: 12pt; box-shadow: inset 1px 6px 12px #5a98fc, inset -1px -10px 5px #001563, 1px 2px 1px black; text-shadow: 1px 1px 1px black; background-color: #0638ad;\">Hier finden sie unser Beitrittsformular<\/span><\/a><\/h2>\n<h2 style=\"text-align: center;\">\u00a0<\/h2>\n<\/div><\/div>\n\n\n\n<p><\/p>\n","protected":false},"excerpt":{"rendered":"<p>Herzlich willkommen bei &#8222;Saach, h\u00fcr ens&#8220; Lohmar e.V. \u00a0 \u201eSaach h\u00fcr ens\u201c informiert \u201eSaach h\u00fcr ens\u201c &#8211; Mundartkonzert mit \u201eEngk&hellip;<\/p>\n","protected":false},"author":1,"featured_media":0,"parent":0,"menu_order":0,"comment_status":"closed","ping_status":"closed","template":"","meta":{"footnotes":""},"class_list":["post-100","page","type-page","status-publish","hentry"],"_links":{"self":[{"href":"http:\/\/www.saachhuerens.de\/index.php?rest_route=\/wp\/v2\/pages\/100","targetHints":{"allow":["GET"]}}],"collection":[{"href":"http:\/\/www.saachhuerens.de\/index.php?rest_route=\/wp\/v2\/pages"}],"about":[{"href":"http:\/\/www.saachhuerens.de\/index.php?rest_route=\/wp\/v2\/types\/page"}],"author":[{"embeddable":true,"href":"http:\/\/www.saachhuerens.de\/index.php?rest_route=\/wp\/v2\/users\/1"}],"replies":[{"embeddable":true,"href":"http:\/\/www.saachhuerens.de\/index.php?rest_route=%2Fwp%2Fv2%2Fcomments&post=100"}],"version-history":[{"count":382,"href":"http:\/\/www.saachhuerens.de\/index.php?rest_route=\/wp\/v2\/pages\/100\/revisions"}],"predecessor-version":[{"id":4382,"href":"http:\/\/www.saachhuerens.de\/index.php?rest_route=\/wp\/v2\/pages\/100\/revisions\/4382"}],"wp:attachment":[{"href":"http:\/\/www.saachhuerens.de\/index.php?rest_route=%2Fwp%2Fv2%2Fmedia&parent=100"}],"curies":[{"name":"wp","href":"https:\/\/api.w.org\/{rel}","templated":true}]}}