{"id":1240,"date":"2015-04-06T13:18:43","date_gmt":"2015-04-06T11:18:43","guid":{"rendered":"http:\/\/www.saachhuerens.de\/?page_id=1240"},"modified":"2015-04-06T13:43:23","modified_gmt":"2015-04-06T11:43:23","slug":"pressebericht-sitzung-she-2015","status":"publish","type":"page","link":"http:\/\/www.saachhuerens.de\/?page_id=1240","title":{"rendered":"Pressebericht Sitzung SHE 2015"},"content":{"rendered":"<p style=\"text-align: center;\"><strong>Superstimmung bei 2. Kost\u00fcmsitzung <\/strong><\/p>\n<p style=\"text-align: center;\"><strong>\u201cSaach h\u00fcr ens\u201c ist in der Jabachhalle angekommen<\/strong><\/p>\n<p><strong>\u00a0<\/strong><\/p>\n<p>Das, wovon die Macher von \u201cSaach h\u00fcr ens\u201c Lohmar e.V. vor Monaten nur getr\u00e4umt hatten, wurde am Samstag, den 31. Januar 2015 Wirklichkeit. Der junge Verein hat es geschafft, die Lohmarer Jabachhalle mit 500 begeisterten Jecken zu f\u00fcllen.Eine super Stimmung war von Beginn an da, und das sollte bis zum Ende der fast sechs st\u00fcndigen Sitzung auch so bleiben. Teilweise brachte das Programm die Halle sogar regelrecht zum Kochen. Da sollte Sitzungspr\u00e4sident Erwin Ru\u00dfkowski recht behalten, der zu Beginn einen hei\u00dfen Abend versprochen hatte. Erneut war es \u201cSaach h\u00fcr ens\u201c gelungen, eine bunte Mischung aus absolutem, eigenen Nachwuchs, Lohmarer Vereinen und Stars des rheinischen Karnevals auf die B\u00fchne zu holen, und die Besucher betraten eine Halle, in der man sich aufgrund der Gestaltung vor allem des B\u00fchnenbildes sofort wohl f\u00fchlen musste. Die Begeisterung fing bereits mit dem \u201eEisbrecher\u201c, den Rheinmatrosen der Gro\u00dfen M\u00fchlheimer KG aus K\u00f6ln an, die mit ihren Minis und dem Senioren-Tanzcorps wirklich Atemberaubendes auf die B\u00fchne brachten. So ist der \u201eFliegende Stern\u201c einzigartig im rheinischen Karneval und den Besuchern stockte der Atem, als drei Mariechen im waagerechten Drehflug \u00fcber den K\u00f6pfen ihrer Tanzoffiziere durch die Luft flogen. Mit dem fernsehbekannten Redner \u201eFeuerwehrmann Kresse\u201c hatte \u201cSaach h\u00fcr ens\u201c einen guten Riecher gehabt f\u00fcr den nun folgenden stimmungsvollen Abend. Er wurde dann auch erst nach einer Zugabe entlassen. Und wie im letzten Jahr waren es die Nachwuchskarnevalisten der Mundartgruppe der Musik- und Kunstschule der Stadt Lohmar, mittlerweile \u00fcberall in Lohmar und auch in der weiteren Umgebung bis hin nach K\u00f6ln als \u201cSaach h\u00fcr ens- P\u00e4nz\u201c bekannt, die die erwartungsfrohen G\u00e4ste im Saal begeisterten.<\/p>\n<p>Mit ihrem Sketch \u201eDie verdammpte Rechenaufjab\u201c, (Nancy Isik, Michelle Sudbrock und Felix Weitz) sowie den beiden Zwiegespr\u00e4chen \u201eFelix unn Th\u00fcnn\u201c\u00a0 (Felix Weitz und Anton Hagen) und \u201e Zilli unn Mattes\u201c (Celina Domscheit und Max R\u00f6hrig), alles in Mundart vorgetragen, konnten die Sch\u00fcler\/innen nicht nur voll \u00fcberzeugen, sondern den Jecken im Saal viele spontane Lacher entlocken. Auch die professionell vorgetragenen k\u00f6lschen Lieder von Jessica Rickers und Anton Hagen an Ukulele, Gitarre und Keyboard, die die Wortbeitr\u00e4ge auflockerten, gerieten zu einem H\u00f6hepunkt der Sitzung. Schon beim ersten Lied, dem \u201ek\u00f6lsche Jung\u201c von Brings stand der ganze Saal. Hier hat \u201cSaach h\u00fcr ens\u201c zwei echte Talente entdeckt, wie auch Karl Becker vom Festkomitee K\u00f6lner Karneval in einem kurzen Gru\u00dfwort voll des Lobes hervor hob.<\/p>\n<p>Weiter ging es mit dem schwungvollen Auftritt von \u201eRabbatz\u201c, dem gemischten Kinder- Jugend- und Erwachsenenchor aus Lohmar unter der Leitung von Barbara Wingenfeld. \u00dcber 70 S\u00e4nger\/innen im Alter von 9 bis 60 Jahren standen da auf der B\u00fchne und boten nicht nur ein beeindruckendes B\u00fchnenbild sondern stachen mit Liedern hervor, die es sich die Besucher nicht nehmen lie\u00dfen von Anfang bis Ende mitzusingen.<\/p>\n<p>Nun kam \u201eDe Frau K\u00fchne\u201c, Siegerin im WDR &#8211; Fernsehen bei \u201eMarc Metzger\u2019s Rampens\u00e4ue\u201c 2014, und erz\u00e4hlte sehr souver\u00e4n von ihren Erlebnissen mit \u00fcberfl\u00fcssigen Pfunden und den T\u00fccken der Leergutr\u00fccknahme an den daf\u00fcr zust\u00e4ndigen Automaten. Sie hatte wie alle Redner bis zum Schluss ein sehr aufmerksames Publikum, dass ihr mit \u201eStanding Ovations\u201c dankte und sie erst nach der ihr geb\u00fchrenden Rakete verabschiedete. Es folgten die \u201eEVD Tanzfl\u00f6he\u201c mit ihren beeindruckenden T\u00e4nzen und die neue Lohmarer Mundartgruppe \u201eK\u00f6hler\u201c, deren musikalisches Potential f\u00fcr die Zukunft einiges verspricht. Mit den \u201eZwei Hillijje\u201c pr\u00e4sentierten sich auf der Jabachhallen-B\u00fchne zwei \u201eNewcomer\u201c aus K\u00f6ln, die mit ihren typisch k\u00f6lschen Kr\u00e4tzchen zu \u00fcberzeugen wussten. Auch sie fanden ein \u00e4u\u00dferst aufmerksames Publikum vor, was bei Liedern zum Zuh\u00f6ren auch n\u00f6tig ist. Ja und dann war es soweit:<\/p>\n<p>Nun sollten die Jecken im Saal etwas erleben, was der Karneval in Lohmar in dieser Form noch nicht gesehen \u00a0hatte. Aus dem \u201eHohen Norden\u201c angereist, mittlerweile aber schon seit einigen Jahren im rheinischen Karneval voll etabliert, eroberten die \u201eBig Maggas\u201c die B\u00fchne und verwandelten im Handumdrehen die Jabachhalle in ein \u201eTollhaus\u201c. Vor allem die weiblichen Besucher belagerten den B\u00fchnenrand, und die durchweg deutschen Songs der Band animierten den ganzen Saal zum Mitsingen und Tanzen. Was diese Band da ablieferte, war 30 Minuten lang eine Supershow und \u201eStimmung pur\u201c. Die Halle kochte. Wer diese Stimmung noch einmal in Form von Fotos erleben m\u00f6chte, der sollte unter \u201ewww.in-lohmar.de\u201c ins Internet schauen. Da ist die Atmosph\u00e4re, die w\u00e4hrend der Sitzung in der Halle herrschte, in ca. 300 Fotos bestens eingefangen.<\/p>\n<p>Nachdem sich alle Besucher von diesem grandiosen Auftritt ein wenig erholt hatten, k\u00fcndigte Sitzungspr\u00e4sident Erwin Ru\u00dfkowski den gro\u00dfen Einmarsch der Tollit\u00e4ten aus Lohmar gemeinsam mit dem Birker Damen-Dreigestirn an. Sie wurden begleitet von den KAZI-Funken und alle zusammen boten ein wundersch\u00f6n buntes, unvergessliches Bild auf der B\u00fchne. Den Abschluss des Abends bildeten die \u201eCheerleader des 1. FC K\u00f6ln\u201c, und wieder konnte der ganze Saal bei den bekannten Stadion Hits mitsingen und mit klatschen. Mit dem tollen Abschlussbild der \u201eCheerleader\u201c endete f\u00fcr alle G\u00e4ste im Saal ein wundersch\u00f6ner, unvergesslicher Abend, und \u201cSaach h\u00fcr ens\u201c Lohmar e.V. kann mit Stolz von sich behaupten:<\/p>\n<p style=\"text-align: center;\">\u201eWir sind in der Jabachhalle angekommen\u201c.<\/p>\n<p>Bei der Verabschiedung mit dem gesamten Vorbereitungsteam auf der B\u00fchne bis zum n\u00e4chsten Jahr gab es lang anhaltenden Beifall, und man h\u00f6rte noch lange nach Sitzungsende an der Theke im Foyer-Bereich: \u201eHerrlich!! Mir kummen all widder!\u201c<\/p>\n<p>Apropos \u201en\u00e4chstes Jahr\u201c:<\/p>\n<p style=\"text-align: center;\"><strong>Die Sitzung 2016 findet statt am Samstag, den 23. Januar 2016 ab 17.49 Uhr.<\/strong><\/p>\n<p>Dabei lohnt es sich, im Vorfeld Mitglied bei \u201cSaach h\u00fcr ens\u201c Lohmar e.V. zu werden, denn Mitglieder erhalten, wie in diesem Jahr, ein Vorkaufsrecht und auf ihre eigene Eintrittskarte einen Vorzugspreis mit 20% Rabatt. F\u00fcr weitere Informationen empfehlen wir unsere Homepage unter <a href=\"http:\/\/www.saachhuerens.de\">www.saachhuerens.de<\/a>.<\/p>\n<p><a href=\"http:\/\/www.saachhuerens.de\/wp-content\/uploads\/2014\/08\/Beitrittsformular.pdf\">Hier finden Sie auch Eintrittsformulare f\u00fcr Ihre Mitgliedschaft.<\/a><\/p>\n<p>\u201cSaach h\u00fcr ens\u201c Lohmar e.V. bedankt sich bei allen F\u00f6rderern und Spendern, bei den Lohmarer Gesch\u00e4ftsleuten f\u00fcr die reichlich best\u00fcckte Tombola mit \u00fcber 120 Gewinnen und bei den EVD Tanzfl\u00f6hen, Gr\u00fcn-Wei\u00df Wahlscheid und dem Kinder-, Jugend- und Erwachsenenchor Lohmar, die gemeinsam mit \u201cSaach h\u00fcr ens\u201c in diesem Jahr den Elferrat stellten.<\/p>\n<p>Wir freuen uns schon jetzt auf das n\u00e4chste Jahr.<\/p>\n<p>&nbsp;<\/p>\n<p><strong>Ihr \u201e Saach h\u00fcr ens\u201c Lohmar e.V.<\/strong><\/p>\n","protected":false},"excerpt":{"rendered":"<p>Superstimmung bei 2. Kost\u00fcmsitzung \u201cSaach h\u00fcr ens\u201c ist in der Jabachhalle angekommen \u00a0 Das, wovon die Macher von \u201cSaach h\u00fcr&hellip;<\/p>\n","protected":false},"author":1,"featured_media":0,"parent":0,"menu_order":0,"comment_status":"closed","ping_status":"closed","template":"","meta":{"footnotes":""},"class_list":["post-1240","page","type-page","status-publish","hentry"],"_links":{"self":[{"href":"http:\/\/www.saachhuerens.de\/index.php?rest_route=\/wp\/v2\/pages\/1240","targetHints":{"allow":["GET"]}}],"collection":[{"href":"http:\/\/www.saachhuerens.de\/index.php?rest_route=\/wp\/v2\/pages"}],"about":[{"href":"http:\/\/www.saachhuerens.de\/index.php?rest_route=\/wp\/v2\/types\/page"}],"author":[{"embeddable":true,"href":"http:\/\/www.saachhuerens.de\/index.php?rest_route=\/wp\/v2\/users\/1"}],"replies":[{"embeddable":true,"href":"http:\/\/www.saachhuerens.de\/index.php?rest_route=%2Fwp%2Fv2%2Fcomments&post=1240"}],"version-history":[{"count":7,"href":"http:\/\/www.saachhuerens.de\/index.php?rest_route=\/wp\/v2\/pages\/1240\/revisions"}],"predecessor-version":[{"id":1251,"href":"http:\/\/www.saachhuerens.de\/index.php?rest_route=\/wp\/v2\/pages\/1240\/revisions\/1251"}],"wp:attachment":[{"href":"http:\/\/www.saachhuerens.de\/index.php?rest_route=%2Fwp%2Fv2%2Fmedia&parent=1240"}],"curies":[{"name":"wp","href":"https:\/\/api.w.org\/{rel}","templated":true}]}}