{"id":2295,"date":"2017-09-02T23:59:20","date_gmt":"2017-09-02T21:59:20","guid":{"rendered":"http:\/\/www.saachhuerens.de\/?page_id=2295"},"modified":"2019-10-22T16:44:11","modified_gmt":"2019-10-22T14:44:11","slug":"foerderer","status":"publish","type":"page","link":"http:\/\/www.saachhuerens.de\/?page_id=2295","title":{"rendered":"F\u00f6rderer"},"content":{"rendered":"<p style=\"text-align: left;\"><span style=\"font-size: 8pt;\">Auf dieser Seite bieten wir die M\u00f6glichkeit Inhalte Dritter zu pr\u00e4sentieren. Auf diesen Inhalt haben wir keinen Einfluss und nehmen f\u00fcr diesen fremden Inhalt keine Gew\u00e4hr. Teilweise lenken diese Angebote in Form einer Verlinkung auf die Homepage des Anbieters. Wir wollen hier nur seri\u00f6se und von uns \u00fcberpr\u00fcfte Anbieter pr\u00e4sentieren. Zum Zeitpunkt der Ver\u00f6ffentlichung waren keine Rechtsverst\u00f6\u00dfe erkennbar. Bei Bekanntwerden solcher, wird die Verlinkung,sowie der Eintrag sofort entfernt. &#8222;Saach h\u00fcr ens&#8220; Lohmar e.V.<\/span><\/p>\n<p style=\"text-align: center;\"><span style=\"color: #0040ff; font-weight: bold; font-size: 16pt;\">Wir sagen den hier aufgef\u00fchrten F\u00f6rderern von &#8220; Saach h\u00fcr ens&#8220; Lohmar e.V. herzlichen Dank f\u00fcr Ihre zuverl\u00e4ssige Unterst\u00fctzung.<\/span><\/p>\n<p>Wir sagen auch \u00a0all den hier nicht genannten herzlichen Dank, die immer wieder durch Spenden und tatkr\u00e4ftige Unterst\u00fctzung unsere vielf\u00e4ltigen Angebote und Veranstaltungen m\u00f6glich machen.<a href=\"http:\/\/www.stadtwerke-lohmar.de\/aktuelles.html?&amp;no_cache=1\"><img loading=\"lazy\" decoding=\"async\" class=\"wp-image-2322 aligncenter\" src=\"http:\/\/www.saachhuerens.de\/wp-content\/uploads\/2017\/09\/Logo-Stadtwerke-Lohmar-neu-250x250.jpg\" alt=\"\" width=\"293\" height=\"293\" srcset=\"http:\/\/www.saachhuerens.de\/wp-content\/uploads\/2017\/09\/Logo-Stadtwerke-Lohmar-neu-250x250.jpg 250w, http:\/\/www.saachhuerens.de\/wp-content\/uploads\/2017\/09\/Logo-Stadtwerke-Lohmar-neu-250x250-150x150.jpg 150w, http:\/\/www.saachhuerens.de\/wp-content\/uploads\/2017\/09\/Logo-Stadtwerke-Lohmar-neu-250x250-50x50.jpg 50w\" sizes=\"auto, (max-width: 293px) 100vw, 293px\" \/><\/a><\/p>\n<p><a href=\"https:\/\/www.vrbankrheinsieg.de\/privatkunden.html\"><img loading=\"lazy\" decoding=\"async\" class=\"wp-image-2332 alignright\" src=\"http:\/\/www.saachhuerens.de\/wp-content\/uploads\/2017\/09\/VR-Bank-Logoaktuell-1.jpg\" alt=\"\" width=\"359\" height=\"89\" srcset=\"http:\/\/www.saachhuerens.de\/wp-content\/uploads\/2017\/09\/VR-Bank-Logoaktuell-1.jpg 800w, http:\/\/www.saachhuerens.de\/wp-content\/uploads\/2017\/09\/VR-Bank-Logoaktuell-1-300x75.jpg 300w, http:\/\/www.saachhuerens.de\/wp-content\/uploads\/2017\/09\/VR-Bank-Logoaktuell-1-768x191.jpg 768w, http:\/\/www.saachhuerens.de\/wp-content\/uploads\/2017\/09\/VR-Bank-Logoaktuell-1-400x100.jpg 400w\" sizes=\"auto, (max-width: 359px) 100vw, 359px\" \/><\/a><\/p>\n<p><span style=\"font-size: 10.6667px;\"><a href=\"https:\/\/www.ksk-koeln.de\/unternehmen\/gut-fuer-die-region\/gemeinden-und-staedte\/lohmar-informationen.aspx\"><img loading=\"lazy\" decoding=\"async\" class=\"size-full wp-image-2344 alignleft\" src=\"http:\/\/www.saachhuerens.de\/wp-content\/uploads\/2017\/09\/Sparkasse-K\u00f6ln.png\" alt=\"\" width=\"355\" height=\"142\" srcset=\"http:\/\/www.saachhuerens.de\/wp-content\/uploads\/2017\/09\/Sparkasse-K\u00f6ln.png 355w, http:\/\/www.saachhuerens.de\/wp-content\/uploads\/2017\/09\/Sparkasse-K\u00f6ln-300x120.png 300w\" sizes=\"auto, (max-width: 355px) 100vw, 355px\" \/><\/a><\/span><\/p>\n<p>&nbsp;<\/p>\n<p>&nbsp;<\/p>\n<p>&nbsp;<\/p>\n<p>&nbsp;<\/p>\n<p><a href=\"http:\/\/www.buergerstiftunglohmar.de\/contao\/index.php\/ueber-uns.html\"><img loading=\"lazy\" decoding=\"async\" class=\"wp-image-2331 alignnone\" src=\"http:\/\/www.saachhuerens.de\/wp-content\/uploads\/2017\/09\/Logo-BSL-HKS-18.jpg\" alt=\"\" width=\"330\" height=\"111\" srcset=\"http:\/\/www.saachhuerens.de\/wp-content\/uploads\/2017\/09\/Logo-BSL-HKS-18.jpg 842w, http:\/\/www.saachhuerens.de\/wp-content\/uploads\/2017\/09\/Logo-BSL-HKS-18-300x101.jpg 300w, http:\/\/www.saachhuerens.de\/wp-content\/uploads\/2017\/09\/Logo-BSL-HKS-18-768x258.jpg 768w, http:\/\/www.saachhuerens.de\/wp-content\/uploads\/2017\/09\/Logo-BSL-HKS-18-400x134.jpg 400w\" sizes=\"auto, (max-width: 330px) 100vw, 330px\" \/><\/a><a href=\"http:\/\/www.renate-kraemer-moden.com\/\"><img loading=\"lazy\" decoding=\"async\" class=\"wp-image-2327 alignright\" src=\"http:\/\/www.saachhuerens.de\/wp-content\/uploads\/2017\/09\/Grafik1.gif\" alt=\"\" width=\"204\" height=\"83\" \/><\/a><\/p>\n<p>&nbsp;<\/p>\n<p><img loading=\"lazy\" decoding=\"async\" class=\"wp-image-2328 alignnone\" src=\"http:\/\/www.saachhuerens.de\/wp-content\/uploads\/2017\/09\/Heinrich.jpg\" alt=\"\" width=\"271\" height=\"203\" srcset=\"http:\/\/www.saachhuerens.de\/wp-content\/uploads\/2017\/09\/Heinrich.jpg 689w, http:\/\/www.saachhuerens.de\/wp-content\/uploads\/2017\/09\/Heinrich-300x225.jpg 300w, http:\/\/www.saachhuerens.de\/wp-content\/uploads\/2017\/09\/Heinrich-400x300.jpg 400w\" sizes=\"auto, (max-width: 271px) 100vw, 271px\" \/>\u00a0 \u00a0 \u00a0 \u00a0\u00a0<a href=\"https:\/\/www.hennes-optik-hoerakustik.de\/index.php\"><img loading=\"lazy\" decoding=\"async\" class=\"wp-image-2329 alignright\" src=\"http:\/\/www.saachhuerens.de\/wp-content\/uploads\/2017\/09\/Unbenannt.jpg\" alt=\"\" width=\"251\" height=\"189\" srcset=\"http:\/\/www.saachhuerens.de\/wp-content\/uploads\/2017\/09\/Unbenannt.jpg 645w, http:\/\/www.saachhuerens.de\/wp-content\/uploads\/2017\/09\/Unbenannt-300x225.jpg 300w, http:\/\/www.saachhuerens.de\/wp-content\/uploads\/2017\/09\/Unbenannt-400x300.jpg 400w\" sizes=\"auto, (max-width: 251px) 100vw, 251px\" \/><\/a><\/p>\n<p>&nbsp;<\/p>\n<p><a href=\"http:\/\/www.versicherungsmakler-siegburg.com\/\"><img loading=\"lazy\" decoding=\"async\" class=\"wp-image-2326 alignnone\" src=\"http:\/\/www.saachhuerens.de\/wp-content\/uploads\/2017\/09\/goldstei-r\u00f6seler.png\" alt=\"\" width=\"288\" height=\"166\" \/>\u00a0 \u00a0 <\/a><a href=\"http:\/\/www.heizung-sanitaer-lundg.de\/\"><img loading=\"lazy\" decoding=\"async\" class=\"wp-image-2334 alignright\" src=\"http:\/\/www.saachhuerens.de\/wp-content\/uploads\/2017\/09\/LundG300x200.jpg\" alt=\"\" width=\"269\" height=\"179\" \/><\/a><\/p>\n<p>&nbsp;<\/p>\n<p><a style=\"color: #0f7e8c;\" href=\"http:\/\/www.tischlergippert.de\/\"><img loading=\"lazy\" decoding=\"async\" class=\"wp-image-2325 alignnone\" src=\"http:\/\/www.saachhuerens.de\/wp-content\/uploads\/2017\/09\/Gippert.jpg\" alt=\"\" width=\"246\" height=\"112\" srcset=\"http:\/\/www.saachhuerens.de\/wp-content\/uploads\/2017\/09\/Gippert.jpg 400w, http:\/\/www.saachhuerens.de\/wp-content\/uploads\/2017\/09\/Gippert-300x137.jpg 300w\" sizes=\"auto, (max-width: 246px) 100vw, 246px\" \/><\/a><a style=\"color: #0f7e8c;\" href=\"https:\/\/www.rewe.de\/marktseite\/rewe-markt-k%C3%B6ln-neustadt-nord-venloer-stra%C3%9Fe-41\/\"><img loading=\"lazy\" decoding=\"async\" class=\"wp-image-2340 alignright\" src=\"http:\/\/www.saachhuerens.de\/wp-content\/uploads\/2017\/09\/Buhrandt.jpg\" alt=\"\" width=\"268\" height=\"201\" \/><\/a><\/p>\n<p>&nbsp;<\/p>\n<p>&nbsp;<\/p>\n<p>&nbsp;<\/p>\n<p><a href=\"http:\/\/www.brauhaeuschen.de\/\">\u00a0 \u00a0<img loading=\"lazy\" decoding=\"async\" class=\" wp-image-2346 alignright\" src=\"http:\/\/www.saachhuerens.de\/wp-content\/uploads\/2017\/09\/Brauh\u00e4uschen.jpg\" alt=\"\" width=\"287\" height=\"191\" \/><\/a><a href=\"https:\/\/www.kuechen-roehrig.de\/\"><img loading=\"lazy\" decoding=\"async\" class=\"wp-image-2385 alignleft\" src=\"http:\/\/www.saachhuerens.de\/wp-content\/uploads\/2017\/10\/R\u00f6hrig.png\" alt=\"\" width=\"299\" height=\"207\" srcset=\"http:\/\/www.saachhuerens.de\/wp-content\/uploads\/2017\/10\/R\u00f6hrig.png 999w, http:\/\/www.saachhuerens.de\/wp-content\/uploads\/2017\/10\/R\u00f6hrig-300x208.png 300w, http:\/\/www.saachhuerens.de\/wp-content\/uploads\/2017\/10\/R\u00f6hrig-768x531.png 768w, http:\/\/www.saachhuerens.de\/wp-content\/uploads\/2017\/10\/R\u00f6hrig-400x277.png 400w\" sizes=\"auto, (max-width: 299px) 100vw, 299px\" \/><\/a><\/p>\n<p>&nbsp;<\/p>\n<p>&nbsp;<\/p>\n<p>&nbsp;<\/p>\n<p>&nbsp;<\/p>\n<p>&nbsp;<\/p>\n<p><a href=\"https:\/\/ratiobooks.de\/\">\u00a0\u00a0<img loading=\"lazy\" decoding=\"async\" class=\"wp-image-2394 alignright\" src=\"http:\/\/www.saachhuerens.de\/wp-content\/uploads\/2017\/09\/Ratiobooks-1.png\" alt=\"\" width=\"199\" height=\"178\" \/><\/a><\/p>\n<p>&nbsp;<\/p>\n<p><a href=\"http:\/\/www.autoglas-pruefer.de\/\"><img loading=\"lazy\" decoding=\"async\" class=\"wp-image-2380 alignleft\" src=\"http:\/\/www.saachhuerens.de\/wp-content\/uploads\/2017\/10\/Pr\u00fcfer.png\" alt=\"\" width=\"422\" height=\"130\" srcset=\"http:\/\/www.saachhuerens.de\/wp-content\/uploads\/2017\/10\/Pr\u00fcfer.png 998w, http:\/\/www.saachhuerens.de\/wp-content\/uploads\/2017\/10\/Pr\u00fcfer-300x93.png 300w, http:\/\/www.saachhuerens.de\/wp-content\/uploads\/2017\/10\/Pr\u00fcfer-768x237.png 768w, http:\/\/www.saachhuerens.de\/wp-content\/uploads\/2017\/10\/Pr\u00fcfer-400x123.png 400w\" sizes=\"auto, (max-width: 422px) 100vw, 422px\" \/><\/a><\/p>\n<p>&nbsp;<\/p>\n<p>&nbsp;<\/p>\n<p>&nbsp;<\/p>\n<p>&nbsp;<\/p>\n<p><a style=\"color: #0f7e8c;\" href=\"http:\/\/linden-apotheke-lohmar.de\/\"><img loading=\"lazy\" decoding=\"async\" class=\"wp-image-2358 alignnone\" src=\"http:\/\/www.saachhuerens.de\/wp-content\/uploads\/2017\/09\/bolten.jpg\" alt=\"\" width=\"392\" height=\"213\" srcset=\"http:\/\/www.saachhuerens.de\/wp-content\/uploads\/2017\/09\/bolten.jpg 932w, http:\/\/www.saachhuerens.de\/wp-content\/uploads\/2017\/09\/bolten-300x163.jpg 300w, http:\/\/www.saachhuerens.de\/wp-content\/uploads\/2017\/09\/bolten-768x416.jpg 768w, http:\/\/www.saachhuerens.de\/wp-content\/uploads\/2017\/09\/bolten-400x217.jpg 400w\" sizes=\"auto, (max-width: 392px) 100vw, 392px\" \/><\/a><a href=\"http:\/\/www.lions-lohmar.de\/\"><img loading=\"lazy\" decoding=\"async\" class=\"size-full wp-image-2382 alignright\" src=\"http:\/\/www.saachhuerens.de\/wp-content\/uploads\/2017\/10\/Lions-Club.jpg\" alt=\"\" width=\"197\" height=\"175\" \/><\/a><\/p>\n<p>&nbsp;<\/p>\n<p>&nbsp;<\/p>\n<p><img loading=\"lazy\" decoding=\"async\" class=\"alignright\" src=\"http:\/\/www.tc-lohmar.de\/Termine\/Sponsoren\/IFSponsoren\/Bernhard-s-Friseurladen.png\" alt=\"Bildergebnis f\u00fcr bernhard friseur lohmar\" width=\"214\" height=\"161\" \/><\/p>\n<p>&nbsp;<\/p>\n<p>&nbsp;<\/p>\n<p><a href=\"http:\/\/www.ibs-lohmar.de\/\"><img loading=\"lazy\" decoding=\"async\" class=\"size-full wp-image-2432 alignnone\" src=\"http:\/\/www.saachhuerens.de\/wp-content\/uploads\/2017\/11\/IBS-logo-shop.png\" alt=\"\" width=\"300\" height=\"50\" \/><\/a><\/p>\n<p>&nbsp;<\/p>\n<p style=\"text-align: center;\"><span style=\"font-family: arial, helvetica, sans-serif;\"><strong>Die Gestaltung unserer Plakate, Flyer und Eintrittskarten durch:<\/strong><\/span><\/p>\n<p><a href=\"http:\/\/www.creative-wassong.de\/kliesen.de\/Home.html\"><img loading=\"lazy\" decoding=\"async\" class=\"wp-image-3055 aligncenter\" src=\"http:\/\/www.saachhuerens.de\/wp-content\/uploads\/2019\/10\/LogoWassong-1024x491.jpg\" alt=\"\" width=\"415\" height=\"199\" srcset=\"http:\/\/www.saachhuerens.de\/wp-content\/uploads\/2019\/10\/LogoWassong-1024x491.jpg 1024w, http:\/\/www.saachhuerens.de\/wp-content\/uploads\/2019\/10\/LogoWassong-300x144.jpg 300w, http:\/\/www.saachhuerens.de\/wp-content\/uploads\/2019\/10\/LogoWassong-768x369.jpg 768w, http:\/\/www.saachhuerens.de\/wp-content\/uploads\/2019\/10\/LogoWassong-400x192.jpg 400w\" sizes=\"auto, (max-width: 415px) 100vw, 415px\" \/><\/a><\/p>\n<p>&nbsp;<\/p>\n<p>&nbsp;<\/p>\n<p style=\"text-align: center;\">Achtung Baustelle!<img decoding=\"async\" class=\"aligncenter\" src=\"http:\/\/www.komba.de\/uploads\/pics\/baustelle_Sashkin_fotolia_com.jpg\" alt=\"Bildergebnis f\u00fcr Baustellenbild\" \/><\/p>\n<p>&nbsp;<\/p>\n<p>&#8212;-Hier finden Sie zuk\u00fcnftig Namen und Anschriften unserer F\u00f6rderer und wenn vorhanden den Link zur Homepage&#8212;&#8211;<\/p>\n","protected":false},"excerpt":{"rendered":"<p>Auf dieser Seite bieten wir die M\u00f6glichkeit Inhalte Dritter zu pr\u00e4sentieren. Auf diesen Inhalt haben wir keinen Einfluss und nehmen&hellip;<\/p>\n","protected":false},"author":1,"featured_media":0,"parent":0,"menu_order":0,"comment_status":"closed","ping_status":"closed","template":"","meta":{"footnotes":""},"class_list":["post-2295","page","type-page","status-publish","hentry"],"_links":{"self":[{"href":"http:\/\/www.saachhuerens.de\/index.php?rest_route=\/wp\/v2\/pages\/2295","targetHints":{"allow":["GET"]}}],"collection":[{"href":"http:\/\/www.saachhuerens.de\/index.php?rest_route=\/wp\/v2\/pages"}],"about":[{"href":"http:\/\/www.saachhuerens.de\/index.php?rest_route=\/wp\/v2\/types\/page"}],"author":[{"embeddable":true,"href":"http:\/\/www.saachhuerens.de\/index.php?rest_route=\/wp\/v2\/users\/1"}],"replies":[{"embeddable":true,"href":"http:\/\/www.saachhuerens.de\/index.php?rest_route=%2Fwp%2Fv2%2Fcomments&post=2295"}],"version-history":[{"count":36,"href":"http:\/\/www.saachhuerens.de\/index.php?rest_route=\/wp\/v2\/pages\/2295\/revisions"}],"predecessor-version":[{"id":3085,"href":"http:\/\/www.saachhuerens.de\/index.php?rest_route=\/wp\/v2\/pages\/2295\/revisions\/3085"}],"wp:attachment":[{"href":"http:\/\/www.saachhuerens.de\/index.php?rest_route=%2Fwp%2Fv2%2Fmedia&parent=2295"}],"curies":[{"name":"wp","href":"https:\/\/api.w.org\/{rel}","templated":true}]}}